{"id":6,"date":"2018-04-23T09:00:09","date_gmt":"2018-04-23T09:00:09","guid":{"rendered":"http:\/\/bridge231.qodeinteractive.com\/?page_id=6"},"modified":"2025-10-27T12:28:10","modified_gmt":"2025-10-27T12:28:10","slug":"home","status":"publish","type":"page","link":"https:\/\/memoria.escuelateresiana.com\/2024-25\/","title":{"rendered":"Inicio"},"content":{"rendered":"<p>[vc_row css_animation=\u00bb\u00bb row_type=\u00bbrow\u00bb use_row_as_full_screen_section=\u00bbno\u00bb type=\u00bbfull_width\u00bb angled_section=\u00bbno\u00bb text_align=\u00bbleft\u00bb background_image_as_pattern=\u00bbwithout_pattern\u00bb z_index=\u00bb5&#8243;][vc_column css=\u00bb.vc_custom_1730286410065{margin-bottom: -3% !important;}\u00bb offset=\u00bbvc_hidden-sm vc_hidden-xs\u00bb][vc_empty_space height=\u00bb200&#8243;][\/vc_column][\/vc_row][vc_row css_animation=\u00bb\u00bb row_type=\u00bbrow\u00bb use_row_as_full_screen_section=\u00bbno\u00bb type=\u00bbfull_width\u00bb angled_section=\u00bbno\u00bb text_align=\u00bbleft\u00bb background_image_as_pattern=\u00bbwithout_pattern\u00bb z_index=\u00bb5&#8243;][vc_column css=\u00bb.vc_custom_1525095376667{margin-bottom: -3% !important;}\u00bb][rev_slider_vc alias=\u00bbslider-2&#8243;][\/vc_column][\/vc_row][vc_row css_animation=\u00bb\u00bb row_type=\u00bbrow\u00bb use_row_as_full_screen_section=\u00bbno\u00bb type=\u00bbgrid\u00bb angled_section=\u00bbno\u00bb text_align=\u00bbcenter\u00bb background_image_as_pattern=\u00bbwithout_pattern\u00bb padding_top=\u00bb82&#8243; padding_bottom=\u00bb40&#8243; z_index=\u00bb5&#8243; css=\u00bb.vc_custom_1699973713987{background: #ffffff url(https:\/\/memoria.escuelateresiana.com\/2024-25\/wp-content\/uploads\/2023\/11\/fondook-1024&#215;409-1.jpeg?id=1745) !important;background-position: center !important;background-repeat: no-repeat !important;background-size: contain !important;}\u00bb][vc_column css=\u00bb.vc_custom_1525961830607{margin-top: -1% !important;}\u00bb][vc_empty_space height=\u00bb15px\u00bb][vc_column_text]<\/p>\n<h2><span style=\"color: #23406a;\">Las grandes cifras de la FET<\/span><\/h2>\n<p>[\/vc_column_text][vc_empty_space height=\u00bb24px\u00bb][vc_row_inner row_type=\u00bbrow\u00bb type=\u00bbfull_width\u00bb text_align=\u00bbleft\u00bb css_animation=\u00bb\u00bb][vc_column_inner width=\u00bb1\/3&#8243;][vc_empty_space height=\u00bb20px\u00bb][vc_single_image image=\u00bb1740&#8243; img_size=\u00bbfull\u00bb alignment=\u00bbcenter\u00bb qode_css_animation=\u00bb\u00bb]<div class=\"q_counter_holder  center\" style=\"\" data-digit=\"16478\"><span class=\"counter  zero\" style=\"color: #45ac34;font-weight: 700;\">16478<\/span><span class=\"separator small\" style=\"\"><\/span><p class=\"counter_text\" style=\"color: #23406a;\">Alumnos<\/p><\/div>[\/vc_column_inner][vc_column_inner width=\u00bb1\/3&#8243;][vc_empty_space height=\u00bb20px\u00bb][vc_single_image image=\u00bb1903&#8243; img_size=\u00bbfull\u00bb alignment=\u00bbcenter\u00bb qode_css_animation=\u00bb\u00bb]<div class=\"q_counter_holder  center\" style=\"\" data-digit=\"679\"><span class=\"counter  zero\" style=\"color: #45ac34;font-weight: 700;\">679<\/span><span class=\"separator small\" style=\"\"><\/span><p class=\"counter_text\" style=\"color: #23406a;\">Aulas<\/p><\/div>[\/vc_column_inner][vc_column_inner width=\u00bb1\/3&#8243;][vc_empty_space height=\u00bb20px\u00bb][vc_single_image image=\u00bb1742&#8243; img_size=\u00bbfull\u00bb alignment=\u00bbcenter\u00bb qode_css_animation=\u00bb\u00bb]<div class=\"q_counter_holder  center\" style=\"\" data-digit=\"1835\"><span class=\"counter  zero\" style=\"color: #45ac34;font-weight: 700;\">1835<\/span><span class=\"separator small\" style=\"\"><\/span><p class=\"counter_text\" style=\"color: #23406a;\">Educadores<\/p><\/div>[\/vc_column_inner][\/vc_row_inner][vc_row_inner row_type=\u00bbrow\u00bb type=\u00bbfull_width\u00bb text_align=\u00bbleft\u00bb css_animation=\u00bb\u00bb][vc_column_inner width=\u00bb1\/3&#8243;][vc_empty_space height=\u00bb20px\u00bb][vc_single_image image=\u00bb1747&#8243; img_size=\u00bbfull\u00bb alignment=\u00bbcenter\u00bb qode_css_animation=\u00bb\u00bb]<div class=\"q_counter_holder  center\" style=\"\" data-digit=\"21\"><span class=\"counter  zero\" style=\"color: #45ac34;font-weight: 700;\">21<\/span><span class=\"separator small\" style=\"\"><\/span><p class=\"counter_text\" style=\"color: #23406a;\">Colegios<\/p><\/div>[\/vc_column_inner][vc_column_inner width=\u00bb1\/3&#8243;][vc_empty_space height=\u00bb20px\u00bb][vc_single_image image=\u00bb1748&#8243; img_size=\u00bbfull\u00bb alignment=\u00bbcenter\u00bb qode_css_animation=\u00bb\u00bb]<div class=\"q_counter_holder  center\" style=\"\" data-digit=\"12\"><span class=\"counter  zero\" style=\"color: #45ac34;font-weight: 700;\">12<\/span><span class=\"separator small\" style=\"\"><\/span><p class=\"counter_text\" style=\"color: #23406a;\">Comunidades aut\u00f3nomas<\/p><\/div>[\/vc_column_inner][vc_column_inner width=\u00bb1\/3&#8243;][vc_empty_space height=\u00bb20px\u00bb][vc_single_image image=\u00bb1743&#8243; img_size=\u00bbfull\u00bb alignment=\u00bbcenter\u00bb qode_css_animation=\u00bb\u00bb]<div class=\"q_counter_holder  center\" style=\"\" data-digit=\"1189\"><span class=\"counter  zero\" style=\"color: #45ac34;font-weight: 700;\">1189<\/span><span class=\"separator small\" style=\"\"><\/span><p class=\"counter_text\" style=\"color: #23406a;\">PARTICIPANTES EN LOS 26 CURSOS DE FORMACI\u00d3N ORGANIZADOS POR LA FET<\/p><\/div>[\/vc_column_inner][\/vc_row_inner][\/vc_column][\/vc_row][vc_row css_animation=\u00bb\u00bb row_type=\u00bbrow\u00bb use_row_as_full_screen_section=\u00bbno\u00bb type=\u00bbgrid\u00bb angled_section=\u00bbno\u00bb text_align=\u00bbleft\u00bb background_image_as_pattern=\u00bbwithout_pattern\u00bb css=\u00bb.vc_custom_1699270637279{background-color: #f7f7f7 !important;}\u00bb z_index=\u00bb\u00bb padding_top=\u00bb80&#8243; padding_bottom=\u00bb80&#8243;][vc_column][vc_column_text]<\/p>\n<h2 style=\"text-align: center;\"><span style=\"color: #23406a;\">Los Proyectos de 2024 \/ 2025<\/span><\/h2>\n<p>[\/vc_column_text][vc_empty_space height=\u00bb60px\u00bb][vc_column_text]<\/p>\n<h3><span style=\"color: #45ac34;\"><a style=\"color: #45ac34;\" href=\"https:\/\/memoria.escuelateresiana.com\/2024-25\/proyectos\">Objetivo anual<\/a><\/span><\/h3>\n<h3><\/h3>\n<p>[\/vc_column_text][vc_separator type=\u00bbnormal\u00bb color=\u00bb#45ac34&#8243;][vc_row_inner row_type=\u00bbrow\u00bb type=\u00bbfull_width\u00bb text_align=\u00bbleft\u00bb css_animation=\u00bb\u00bb][vc_column_inner width=\u00bb1\/2&#8243;][vc_empty_space][vc_column_text]Ser <strong>escuelas del cuidado<\/strong>, que promuevan estructuras de <strong>participaci\u00f3n<\/strong> y el <strong>acompa\u00f1amiento<\/strong> de personas y procesos para impulsar la <strong>identificaci\u00f3n<\/strong> con nuestro proyecto educativo teresiano, cuyo perfil de salida es una alternativa para la <strong>transformaci\u00f3n de la sociedad<\/strong>[\/vc_column_text][vc_empty_space][vc_column_text]<\/p>\n<h4><strong>Nuestro lema: <\/strong>aliados, aliats, aliatuak<\/h4>\n<p>[\/vc_column_text][vc_empty_space]\n\n\t<a href=\"https:\/\/memoria.escuelateresiana.com\/2024-25\/proyectos\/\" target=\"_self\" style=\"color: #ffffff;background-color: #45ac34\" class=\"qode-btn qode-btn-medium qode-btn-solid qode-btn-custom-hover-bg qode-btn-custom-hover-color qode-btn-default-hover\" data-hover-bg-color=\"#ffffff\" data-hover-color=\"#45ac34\" >\n\t    <span class=\"qode-btn-text\">LEER M\u00c1S<\/span>\t<\/a>\n\n[\/vc_column_inner][vc_column_inner width=\u00bb1\/2&#8243;][vc_empty_space][vc_single_image image=\u00bb2134&#8243; img_size=\u00bbfull\u00bb qode_css_animation=\u00bb\u00bb][\/vc_column_inner][\/vc_row_inner][vc_empty_space][vc_column_text]<\/p>\n<h3><span style=\"color: #45ac34;\"><a style=\"color: #45ac34;\" href=\"https:\/\/memoria.escuelateresiana.com\/2024-25\/proyectos\/\">Proyectos<\/a><\/span><\/h3>\n<p>[\/vc_column_text][vc_separator type=\u00bbnormal\u00bb color=\u00bb#45ac34&#8243;][vc_empty_space][vc_row_inner row_type=\u00bbrow\u00bb type=\u00bbfull_width\u00bb text_align=\u00bbleft\u00bb css_animation=\u00bb\u00bb][vc_column_inner width=\u00bb1\/3&#8243;][vc_single_image image=\u00bb2182&#8243; img_size=\u00bbfull\u00bb alignment=\u00bbcenter\u00bb qode_css_animation=\u00bb\u00bb][vc_empty_space height=\u00bb20px\u00bb][vc_column_text]<\/p>\n<h4><a href=\"https:\/\/memoria.escuelateresiana.com\/2024-25\/profundizacion-y-liderazgo-pastoral\/\">Profundizaci\u00f3n y Liderazgo Pastoral<\/a><\/h4>\n<p>&nbsp;<\/p>\n<p>A veces, lo m\u00e1s valioso de una formaci\u00f3n no son s\u00f3lo los contenidos sino el encuentro que se genera: las conversaciones, di\u00e1logos, las ideas que prenden en medio de un debate y la energ\u00eda de sentirse parte de algo m\u00e1s grande. Eso fue precisamente lo que vivimos en la formaci\u00f3n&#8230;[\/vc_column_text][vc_empty_space height=\u00bb20px\u00bb]\n\n\t<a href=\"https:\/\/memoria.escuelateresiana.com\/2024-25\/profundizacion-y-liderazgo-pastoral\/\" target=\"_self\" style=\"color: #ffffff;background-color: #45ac34\" class=\"qode-btn qode-btn-medium qode-btn-solid qode-btn-custom-hover-bg qode-btn-custom-hover-color qode-btn-custom-icon-bg-hover-color qode-btn-icon qode-btn-default-hover\" data-hover-bg-color=\"#ffffff\" data-hover-color=\"#45ac34\" >\n\t    <span class=\"qode-btn-text\">LEER M\u00c1S<\/span><span class=\"qode-button-v2-icon-holder\" style=\"background-color: #45ac34\" data-hover-icon-border-color=\"#45ac34\" data-hover-icon-bg-color=\"#ffffff\"><span aria-hidden=\"true\" class=\"qode_icon_font_elegant arrow_right qode-button-v2-icon-holder-inner\" ><\/span><\/span>\t<\/a>\n\n[vc_empty_space height=\u00bb20px\u00bb][\/vc_column_inner][vc_column_inner width=\u00bb1\/3&#8243;][vc_single_image image=\u00bb2250&#8243; img_size=\u00bbfull\u00bb alignment=\u00bbcenter\u00bb qode_css_animation=\u00bb\u00bb][vc_empty_space height=\u00bb20px\u00bb][vc_column_text]<\/p>\n<h4><a href=\"https:\/\/memoria.escuelateresiana.com\/2024-25\/curso-superior-identidad-y-mision\/\/\">Curso superior Identidad y Misi\u00f3n <\/a><\/h4>\n<p>&nbsp;<\/p>\n<p>Desde nuestro compromiso con la formaci\u00f3n carism\u00e1tica, la Fundaci\u00f3n Escuela Teresiana puso en marcha durante el curso 24-25 el Curso Superior de Identidad y Misi\u00f3n del Educador Teresiano en colaboraci\u00f3n con la Universidad Pontificia de Comillas y la editorial SM.<br \/>\n[\/vc_column_text][vc_empty_space height=\u00bb20px\u00bb]\n\n\t<a href=\"https:\/\/memoria.escuelateresiana.com\/2024-25\/curso-superior-identidad-y-mision\/\" target=\"_self\" style=\"color: #ffffff;background-color: #45ac34\" class=\"qode-btn qode-btn-medium qode-btn-solid qode-btn-custom-hover-bg qode-btn-custom-hover-color qode-btn-custom-icon-bg-hover-color qode-btn-icon qode-btn-default-hover\" data-hover-bg-color=\"#ffffff\" data-hover-color=\"#45ac34\" >\n\t    <span class=\"qode-btn-text\">LEER M\u00c1S<\/span><span class=\"qode-button-v2-icon-holder\" style=\"background-color: #45ac34\" data-hover-icon-border-color=\"#45ac34\" data-hover-icon-bg-color=\"#ffffff\"><span aria-hidden=\"true\" class=\"qode_icon_font_elegant arrow_right qode-button-v2-icon-holder-inner\" ><\/span><\/span>\t<\/a>\n\n[vc_empty_space height=\u00bb20px\u00bb][\/vc_column_inner][vc_column_inner width=\u00bb1\/3&#8243;][vc_single_image image=\u00bb2251&#8243; img_size=\u00bbfull\u00bb alignment=\u00bbcenter\u00bb qode_css_animation=\u00bb\u00bb][vc_empty_space height=\u00bb20px\u00bb][vc_column_text]<\/p>\n<h4><a href=\"https:\/\/memoria.escuelateresiana.com\/2024-25\/echa-a-volar\/\">Educar en la diversidad<\/a><\/h4>\n<p>&nbsp;<\/p>\n<p>La Fundaci\u00f3n Escuela Teresiana contin\u00faa avanzando en su compromiso con una educaci\u00f3n inclusiva, equitativa y de calidad. En este marco, durante el curso 24-25 se ha desarrollado una formaci\u00f3n espec\u00edfica sobre el Dise\u00f1o Universal para el Aprendizaje (DUA)&#8230;[\/vc_column_text][vc_empty_space height=\u00bb20px\u00bb]\n\n\t<a href=\"https:\/\/memoria.escuelateresiana.com\/2024-25\/educar-en-la-diversidad-hacia-aulas-inclusivas-con-el-dua-disenar-para-que-todos-aprendan\/\" target=\"_self\" style=\"color: #ffffff;background-color: #45ac34\" class=\"qode-btn qode-btn-medium qode-btn-solid qode-btn-custom-hover-bg qode-btn-custom-hover-color qode-btn-custom-icon-bg-hover-color qode-btn-icon qode-btn-default-hover\" data-hover-bg-color=\"#ffffff\" data-hover-color=\"#45ac34\" >\n\t    <span class=\"qode-btn-text\">LEER M\u00c1S<\/span><span class=\"qode-button-v2-icon-holder\" style=\"background-color: #45ac34\" data-hover-icon-border-color=\"#45ac34\" data-hover-icon-bg-color=\"#ffffff\"><span aria-hidden=\"true\" class=\"qode_icon_font_elegant arrow_right qode-button-v2-icon-holder-inner\" ><\/span><\/span>\t<\/a>\n\n[vc_empty_space height=\u00bb20px\u00bb][\/vc_column_inner][\/vc_row_inner][vc_row_inner row_type=\u00bbrow\u00bb type=\u00bbfull_width\u00bb text_align=\u00bbleft\u00bb css_animation=\u00bb\u00bb][vc_column_inner][vc_empty_space height=\u00bb50px\u00bb][\/vc_column_inner][\/vc_row_inner][vc_row_inner row_type=\u00bbrow\u00bb type=\u00bbfull_width\u00bb text_align=\u00bbleft\u00bb css_animation=\u00bb\u00bb][vc_column_inner width=\u00bb1\/3&#8243;][vc_single_image image=\u00bb2252&#8243; img_size=\u00bbfull\u00bb alignment=\u00bbcenter\u00bb qode_css_animation=\u00bb\u00bb][vc_empty_space height=\u00bb20px\u00bb][vc_column_text]<\/p>\n<h4><a href=\"https:\/\/memoria.escuelateresiana.com\/2024-25\/encuentro-de-comunicadores\/\">Encuentros de comunicadores<\/a><\/h4>\n<p>&nbsp;<\/p>\n<p>Desde el \u00e1mbito de comunicaci\u00f3n se percib\u00eda la necesidad de dar voz, cohesi\u00f3n y formaci\u00f3n a las personas que en los colegios se dedican a las cuestiones relativas a la comunicaci\u00f3n, tanto en la gesti\u00f3n de redes sociales como en otros asuntos de comunicaci\u00f3n interna.[\/vc_column_text][vc_empty_space height=\u00bb20px\u00bb]\n\n\t<a href=\"https:\/\/memoria.escuelateresiana.com\/2024-25\/encuentro-de-comunicadores\/\" target=\"_self\" style=\"color: #ffffff;background-color: #45ac34\" class=\"qode-btn qode-btn-medium qode-btn-solid qode-btn-custom-hover-bg qode-btn-custom-hover-color qode-btn-custom-icon-bg-hover-color qode-btn-icon qode-btn-default-hover\" data-hover-bg-color=\"#ffffff\" data-hover-color=\"#45ac34\" >\n\t    <span class=\"qode-btn-text\">LEER M\u00c1S<\/span><span class=\"qode-button-v2-icon-holder\" style=\"background-color: #45ac34\" data-hover-icon-border-color=\"#45ac34\" data-hover-icon-bg-color=\"#ffffff\"><span aria-hidden=\"true\" class=\"qode_icon_font_elegant arrow_right qode-button-v2-icon-holder-inner\" ><\/span><\/span>\t<\/a>\n\n[vc_empty_space height=\u00bb20px\u00bb][\/vc_column_inner][vc_column_inner width=\u00bb1\/3&#8243;][vc_single_image image=\u00bb2253&#8243; img_size=\u00bbfull\u00bb alignment=\u00bbcenter\u00bb qode_css_animation=\u00bb\u00bb][vc_empty_space height=\u00bb20px\u00bb][vc_column_text]<\/p>\n<h4><a href=\"https:\/\/memoria.escuelateresiana.com\/2024-25\/acompanamiento-de-personas-y-procesos\/\">Formaci\u00f3n en liderazgo carism\u00e1tico<\/a><\/h4>\n<p>&nbsp;<\/p>\n<p>Entre marzo de 2024 y marzo de 2025, los equipos directivos de los colegios de la Fundaci\u00f3n Escuela Teresiana hemos vivido un proceso formativo que marca un antes y un despu\u00e9s en nuestro modo de mirar y ejercer el liderazgo&#8230;[\/vc_column_text][vc_empty_space height=\u00bb20px\u00bb]\n\n\t<a href=\"https:\/\/memoria.escuelateresiana.com\/2024-25\/formacion-en-liderazgo-carismatico\/\" target=\"_self\" style=\"color: #ffffff;background-color: #45ac34\" class=\"qode-btn qode-btn-medium qode-btn-solid qode-btn-custom-hover-bg qode-btn-custom-hover-color qode-btn-custom-icon-bg-hover-color qode-btn-icon qode-btn-default-hover\" data-hover-bg-color=\"#ffffff\" data-hover-color=\"#45ac34\" >\n\t    <span class=\"qode-btn-text\">LEER M\u00c1S<\/span><span class=\"qode-button-v2-icon-holder\" style=\"background-color: #45ac34\" data-hover-icon-border-color=\"#45ac34\" data-hover-icon-bg-color=\"#ffffff\"><span aria-hidden=\"true\" class=\"qode_icon_font_elegant arrow_right qode-button-v2-icon-holder-inner\" ><\/span><\/span>\t<\/a>\n\n[vc_empty_space height=\u00bb20px\u00bb][\/vc_column_inner][vc_column_inner width=\u00bb1\/3&#8243;][\/vc_column_inner][\/vc_row_inner][\/vc_column][\/vc_row][vc_row css_animation=\u00bb\u00bb row_type=\u00bbrow\u00bb use_row_as_full_screen_section=\u00bbno\u00bb type=\u00bbfull_width\u00bb angled_section=\u00bbno\u00bb text_align=\u00bbleft\u00bb background_image_as_pattern=\u00bbwithout_pattern\u00bb background_image=\u00bb590&#8243; css=\u00bb.vc_custom_1699976375238{background: #ffffff url(https:\/\/memoria.escuelateresiana.com\/2024-25\/wp-content\/uploads\/2023\/11\/fondook-1024&#215;409-1.jpeg?id=1745) !important;background-position: center !important;background-repeat: no-repeat !important;background-size: contain !important;}\u00bb z_index=\u00bb\u00bb padding_top=\u00bb80&#8243; padding_bottom=\u00bb60&#8243;][vc_column][vc_row_inner row_type=\u00bbrow\u00bb type=\u00bbgrid\u00bb text_align=\u00bbleft\u00bb css_animation=\u00bb\u00bb][vc_column_inner width=\u00bb1\/2&#8243;][vc_empty_space height=\u00bb40px\u00bb][vc_column_text]<\/p>\n<h2 style=\"text-align: left;\"><span style=\"color: #23406a;\">La vida en nuestros colegios<\/span><\/h2>\n<p>[\/vc_column_text][vc_empty_space][vc_column_text]<\/p>\n<p style=\"text-align: left;\">La vida en los centros educativos va mucho m\u00e1s all\u00e1 de las clases. Los eventos vinculados a la historia del colegio, al entorno o a las familias implican una preparaci\u00f3n cuidadosa y un trabajo intenso que merecen ser destacados. Del mismo modo, los proyectos desarrollados en los centros, en ocasiones premiados o reconocidos externamente, ayudan a dar visibilidad al compromiso educativo. Todo ello da forma al d\u00eda a d\u00eda de los colegios, un recorrido enriquecedor que es posible gracias al compromiso y la dedicaci\u00f3n de toda la comunidad educativa.<\/p>\n<p>[\/vc_column_text][vc_empty_space]\n\n\t<a href=\"https:\/\/memoria.escuelateresiana.com\/2024-25\/la-vida-en-nuestros-colegios\/\" target=\"_self\" style=\"color: #ffffff;background-color: #45ac34\" class=\"qode-btn qode-btn-medium qode-btn-solid qode-btn-custom-hover-bg qode-btn-custom-hover-color qode-btn-default-hover\" data-hover-bg-color=\"#ffffff\" data-hover-color=\"#45ac34\" >\n\t    <span class=\"qode-btn-text\">LEER M\u00c1S<\/span>\t<\/a>\n\n[\/vc_column_inner][vc_column_inner width=\u00bb1\/2&#8243;][vc_empty_space height=\u00bb40px\u00bb][vc_single_image image=\u00bb2162&#8243; img_size=\u00bbfull\u00bb alignment=\u00bbcenter\u00bb onclick=\u00bbcustom_link\u00bb img_link_target=\u00bb_blank\u00bb qode_css_animation=\u00bb\u00bb link=\u00bbhttps:\/\/memoria.escuelateresiana.com\/2019-20\/\u00bb css=\u00bb.vc_custom_1754557186950{padding-bottom: 40px !important;}\u00bb][\/vc_column_inner][\/vc_row_inner][vc_row_inner row_type=\u00bbrow\u00bb type=\u00bbfull_width\u00bb text_align=\u00bbleft\u00bb css_animation=\u00bb\u00bb][vc_column_inner][\/vc_column_inner][\/vc_row_inner][\/vc_column][\/vc_row][vc_row css_animation=\u00bb\u00bb row_type=\u00bbrow\u00bb use_row_as_full_screen_section=\u00bbno\u00bb type=\u00bbgrid\u00bb angled_section=\u00bbno\u00bb text_align=\u00bbcenter\u00bb background_image_as_pattern=\u00bbwithout_pattern\u00bb padding_top=\u00bb80&#8243; padding_bottom=\u00bb80&#8243; z_index=\u00bb\u00bb css=\u00bb.vc_custom_1729763721308{margin-top: -1% !important;margin-bottom: -1% !important;background-color: #f4f4f4 !important;background-position: center !important;background-repeat: no-repeat !important;background-size: cover !important;}\u00bb][vc_column offset=\u00bbvc_hidden-lg vc_hidden-md vc_hidden-sm vc_hidden-xs\u00bb][vc_column_text]<\/p>\n<h2><span style=\"color: #23406a;\">El ejercicio en clave econ\u00f3mica<\/span><\/h2>\n<p>[\/vc_column_text][qode_elements_holder number_of_columns=\u00bbone_column\u00bb][qode_elements_holder_item advanced_animations=\u00bbno\u00bb item_padding=\u00bb18px 18% 0 18%\u00bb][vc_column_text]<\/p>\n<h5>La Fundaci\u00f3n Escuela Teresiana, con el fin de poder llevar a cabo el fin para que el que fue creada, pone especial \u00e9nfasis en cuidar y gestionar todos sus bienes. Administramos y gestionamos con el fin de responder al fin para el que ha sido creada y buscar la mejora continua de sus centros y comunidades educativas.<\/h5>\n<p>[\/vc_column_text][\/qode_elements_holder_item][\/qode_elements_holder][vc_empty_space height=\u00bb59px\u00bb][vc_row_inner row_type=\u00bbrow\u00bb type=\u00bbfull_width\u00bb text_align=\u00bbleft\u00bb css_animation=\u00bb\u00bb][vc_column_inner width=\u00bb1\/3&#8243;][vc_column_text]<\/p>\n<h4 style=\"text-align: center; color: #23406a;\">Excedentes vs. inversi\u00f3n<\/h4>\n<p>[\/vc_column_text][vc_single_image image=\u00bb1830&#8243; img_size=\u00bbfull\u00bb alignment=\u00bbcenter\u00bb qode_css_animation=\u00bb\u00bb css=\u00bb.vc_custom_1702394548393{padding-top: 20px !important;}\u00bb][\/vc_column_inner][vc_column_inner width=\u00bb1\/3&#8243;][vc_column_text]<\/p>\n<h4 style=\"text-align: center; color: #23406a;\">Valor econ\u00f3mico creado<\/h4>\n<p>[\/vc_column_text][vc_single_image image=\u00bb1833&#8243; img_size=\u00bbfull\u00bb alignment=\u00bbcenter\u00bb qode_css_animation=\u00bb\u00bb css=\u00bb.vc_custom_1702447972021{padding-top: 20px !important;}\u00bb][\/vc_column_inner][vc_column_inner width=\u00bb1\/3&#8243;][vc_column_text]<\/p>\n<h4 style=\"text-align: center; color: #23406a;\">Valor econ\u00f3mico distribuido<\/h4>\n<p>[\/vc_column_text][vc_single_image image=\u00bb1834&#8243; img_size=\u00bbfull\u00bb alignment=\u00bbcenter\u00bb qode_css_animation=\u00bb\u00bb css=\u00bb.vc_custom_1702447987430{padding-top: 20px !important;}\u00bb][\/vc_column_inner][\/vc_row_inner][\/vc_column][\/vc_row]<\/p>\n","protected":false},"excerpt":{"rendered":"<p>[vc_row css_animation=\u00bb\u00bb row_type=\u00bbrow\u00bb use_row_as_full_screen_section=\u00bbno\u00bb type=\u00bbfull_width\u00bb angled_section=\u00bbno\u00bb text_align=\u00bbleft\u00bb background_image_as_pattern=\u00bbwithout_pattern\u00bb z_index=\u00bb5&#8243;][vc_column css=\u00bb.vc_custom_1730286410065{margin-bottom: -3% !important;}\u00bb offset=\u00bbvc_hidden-sm vc_hidden-xs\u00bb][vc_empty_space height=\u00bb200&#8243;][\/vc_column][\/vc_row][vc_row css_animation=\u00bb\u00bb row_type=\u00bbrow\u00bb use_row_as_full_screen_section=\u00bbno\u00bb type=\u00bbfull_width\u00bb angled_section=\u00bbno\u00bb text_align=\u00bbleft\u00bb background_image_as_pattern=\u00bbwithout_pattern\u00bb z_index=\u00bb5&#8243;][vc_column css=\u00bb.vc_custom_1525095376667{margin-bottom: -3% !important;}\u00bb][rev_slider_vc alias=\u00bbslider-2&#8243;][\/vc_column][\/vc_row][vc_row css_animation=\u00bb\u00bb row_type=\u00bbrow\u00bb use_row_as_full_screen_section=\u00bbno\u00bb type=\u00bbgrid\u00bb angled_section=\u00bbno\u00bb text_align=\u00bbcenter\u00bb background_image_as_pattern=\u00bbwithout_pattern\u00bb padding_top=\u00bb82&#8243; padding_bottom=\u00bb40&#8243; z_index=\u00bb5&#8243; css=\u00bb.vc_custom_1699973713987{background: #ffffff url(https:\/\/memoria.escuelateresiana.com\/2024-25\/wp-content\/uploads\/2023\/11\/fondook-1024&#215;409-1.jpeg?id=1745) !important;background-position: center !important;background-repeat: no-repeat !important;background-size:&#8230;<\/p>\n","protected":false},"author":1,"featured_media":0,"parent":0,"menu_order":0,"comment_status":"closed","ping_status":"closed","template":"full_width.php","meta":{"footnotes":""},"class_list":["post-6","page","type-page","status-publish","hentry"],"_links":{"self":[{"href":"https:\/\/memoria.escuelateresiana.com\/2024-25\/wp-json\/wp\/v2\/pages\/6","targetHints":{"allow":["GET"]}}],"collection":[{"href":"https:\/\/memoria.escuelateresiana.com\/2024-25\/wp-json\/wp\/v2\/pages"}],"about":[{"href":"https:\/\/memoria.escuelateresiana.com\/2024-25\/wp-json\/wp\/v2\/types\/page"}],"author":[{"embeddable":true,"href":"https:\/\/memoria.escuelateresiana.com\/2024-25\/wp-json\/wp\/v2\/users\/1"}],"replies":[{"embeddable":true,"href":"https:\/\/memoria.escuelateresiana.com\/2024-25\/wp-json\/wp\/v2\/comments?post=6"}],"version-history":[{"count":186,"href":"https:\/\/memoria.escuelateresiana.com\/2024-25\/wp-json\/wp\/v2\/pages\/6\/revisions"}],"predecessor-version":[{"id":2282,"href":"https:\/\/memoria.escuelateresiana.com\/2024-25\/wp-json\/wp\/v2\/pages\/6\/revisions\/2282"}],"wp:attachment":[{"href":"https:\/\/memoria.escuelateresiana.com\/2024-25\/wp-json\/wp\/v2\/media?parent=6"}],"curies":[{"name":"wp","href":"https:\/\/api.w.org\/{rel}","templated":true}]}}