{"id":2084,"date":"2024-11-06T09:56:27","date_gmt":"2024-11-06T09:56:27","guid":{"rendered":"https:\/\/memoria.escuelateresiana.com\/2024-25\/?page_id=2084"},"modified":"2025-09-11T08:39:01","modified_gmt":"2025-09-11T08:39:01","slug":"profundizacion-y-liderazgo-pastoral","status":"publish","type":"page","link":"https:\/\/memoria.escuelateresiana.com\/2024-25\/profundizacion-y-liderazgo-pastoral\/","title":{"rendered":"Profundizaci\u00f3n y Liderazgo Pastoral"},"content":{"rendered":"<p>[vc_row css_animation=\u00bb\u00bb row_type=\u00bbrow\u00bb use_row_as_full_screen_section=\u00bbno\u00bb type=\u00bbfull_width\u00bb angled_section=\u00bbno\u00bb text_align=\u00bbleft\u00bb background_image_as_pattern=\u00bbwithout_pattern\u00bb z_index=\u00bb\u00bb][vc_column offset=\u00bbvc_hidden-sm vc_hidden-xs\u00bb][vc_empty_space height=\u00bb200&#8243;][\/vc_column][\/vc_row][vc_row css_animation=\u00bb\u00bb row_type=\u00bbrow\u00bb use_row_as_full_screen_section=\u00bbno\u00bb type=\u00bbfull_width\u00bb angled_section=\u00bbno\u00bb text_align=\u00bbleft\u00bb background_image_as_pattern=\u00bbwithout_pattern\u00bb z_index=\u00bb\u00bb][vc_column][vc_single_image image=\u00bb2177&#8243; img_size=\u00bbfull\u00bb alignment=\u00bbcenter\u00bb qode_css_animation=\u00bb\u00bb][\/vc_column][\/vc_row][vc_row css_animation=\u00bb\u00bb row_type=\u00bbrow\u00bb use_row_as_full_screen_section=\u00bbno\u00bb type=\u00bbgrid\u00bb angled_section=\u00bbno\u00bb text_align=\u00bbleft\u00bb background_image_as_pattern=\u00bbwithout_pattern\u00bb z_index=\u00bb\u00bb][vc_column][vc_empty_space height=\u00bb60&#8243;][vc_column_text]<\/p>\n<h2><strong>PROFUNDIZACI\u00d3N Y LIDERAZGO PASTORAL<\/strong><\/h2>\n<p>[\/vc_column_text][\/vc_column][\/vc_row][vc_row css_animation=\u00bb\u00bb row_type=\u00bbrow\u00bb use_row_as_full_screen_section=\u00bbno\u00bb type=\u00bbgrid\u00bb angled_section=\u00bbno\u00bb text_align=\u00bbleft\u00bb background_image_as_pattern=\u00bbwithout_pattern\u00bb z_index=\u00bb\u00bb][vc_column][vc_empty_space height=\u00bb60&#8243;][\/vc_column][\/vc_row][vc_row css_animation=\u00bb\u00bb row_type=\u00bbrow\u00bb use_row_as_full_screen_section=\u00bbno\u00bb type=\u00bbgrid\u00bb angled_section=\u00bbno\u00bb text_align=\u00bbleft\u00bb background_image_as_pattern=\u00bbwithout_pattern\u00bb z_index=\u00bb\u00bb padding_bottom=\u00bb60&#8243;][vc_column][vc_column_text]A veces, lo m\u00e1s valioso de una formaci\u00f3n no son s\u00f3lo los contenidos sino el <strong>encuentro que se genera<\/strong>: las conversaciones, di\u00e1logos, las ideas que prenden en medio de un debate y la energ\u00eda de sentirse parte de algo m\u00e1s grande. Eso fue precisamente lo que vivimos en la formaci\u00f3n <strong>\u201cProfundizaci\u00f3n y Liderazgo Pastoral\u201d<\/strong>, una experiencia que nos ayud\u00f3 a mirar la Pastoral con nuevos ojos y a redescubrir el valor de caminar juntos desde el carisma teresiano.<\/p>\n<p>&nbsp;<\/p>\n<p>Durante las 32 horas de trabajo, repartidas en dos m\u00f3dulos presenciales en Madrid, nos adentramos en una propuesta que combin\u00f3 reflexi\u00f3n, di\u00e1logo y mucha vida compartida para seguir creciendo como equipos de Pastoral en la Escuela Teresiana. A lo largo de estos dos encuentros, pudimos afianzar nuestras competencias personales y profesionales, al mismo tiempo que profundizamos en nuestra identidad creyente y en la misi\u00f3n evangelizadora de nuestro ser educativo.<\/p>\n<p>&nbsp;<\/p>\n<p>El primer m\u00f3dulo, celebrado en noviembre, se centr\u00f3 en la <strong>escuela como lugar de evangelizaci\u00f3n<\/strong> y en los <strong>retos del liderazgo pastoral en un contexto de primer anuncio<\/strong>. De la mano de Daniel Zurera, Mauge Aranda y Luc\u00eda Astiz (equipo permanente de \u00e1rea de Pastoral) y de Juanma Alarc\u00f3n, reflexionamos sobre la experiencia creyente de nuestros alumnado, profesorado y familias, el papel de la religi\u00f3n en la sociedad de hoy y la importancia de un liderazgo m\u00e1s humano, inspirador y espiritual. Fue muy enriquecedor descubrir c\u00f3mo los nuevos lenguajes pueden abrir caminos de evangelizaci\u00f3n.<\/p>\n<p>&nbsp;<\/p>\n<p>El segundo m\u00f3dulo nos llev\u00f3 de lleno a la <strong>identidad teresiana<\/strong> como base de la animaci\u00f3n pastoral. Lourdes Badenes stj nos acompa\u00f1\u00f3 a recorrer el itinerario espiritual del Castillo Interior, invit\u00e1ndonos a reconocernos como sujetos de encuentro y transformadores sociales. Por su parte, Samuel Forcada nos abri\u00f3 la mirada a la dimensi\u00f3n ecosocial, ayud\u00e1ndonos a comprender los retos de la crisis ambiental y social, y a integrar en nuestras propuestas educativas una visi\u00f3n m\u00e1s transformadora y global. Fue un tiempo para cuestionarnos, para compartir experiencias y para motivarnos a ser agentes de cambio en nuestras comunidades.<\/p>\n<p>&nbsp;<\/p>\n<p>M\u00e1s all\u00e1 de los contenidos, lo m\u00e1s valioso fue la <strong>experiencia compartida<\/strong>: el ambiente de confianza, los di\u00e1logos que abrieron nuevas preguntas e inquietudes, y la red de v\u00ednculos que se fue tejiendo entre los distintos equipos. La formaci\u00f3n no solo nos dio herramientas pr\u00e1cticas, sino que nos anim\u00f3 a mirar la Pastoral con nuevos ojos y a sentir que juntos podemos seguir dando respuesta a los desaf\u00edos actuales para una escuela m\u00e1s evangelizadora desde el carisma teresiano.<\/p>\n<p>&nbsp;<\/p>\n<p>En definitiva, esta experiencia nos confirm\u00f3 que el liderazgo pastoral que so\u00f1amos tiene la capacidad de transformar nuestras escuelas\u2026 y tambi\u00e9n a nosotros mismos.[\/vc_column_text][vc_empty_space][\/vc_column][\/vc_row][vc_row css_animation=\u00bb\u00bb row_type=\u00bbrow\u00bb use_row_as_full_screen_section=\u00bbno\u00bb type=\u00bbfull_width\u00bb angled_section=\u00bbno\u00bb text_align=\u00bbleft\u00bb background_image_as_pattern=\u00bbwithout_pattern\u00bb][vc_column][vc_gallery type=\u00bbimage_grid\u00bb images=\u00bb2179,2180&#8243; img_size=\u00bbfull\u00bb column_number=\u00bb2&#8243; grayscale=\u00bbno\u00bb images_space=\u00bbgallery_without_space\u00bb][\/vc_column][\/vc_row]<\/p>\n","protected":false},"excerpt":{"rendered":"<p>[vc_row css_animation=\u00bb\u00bb row_type=\u00bbrow\u00bb use_row_as_full_screen_section=\u00bbno\u00bb type=\u00bbfull_width\u00bb angled_section=\u00bbno\u00bb text_align=\u00bbleft\u00bb background_image_as_pattern=\u00bbwithout_pattern\u00bb z_index=\u00bb\u00bb][vc_column offset=\u00bbvc_hidden-sm vc_hidden-xs\u00bb][vc_empty_space height=\u00bb200&#8243;][\/vc_column][\/vc_row][vc_row css_animation=\u00bb\u00bb row_type=\u00bbrow\u00bb use_row_as_full_screen_section=\u00bbno\u00bb type=\u00bbfull_width\u00bb angled_section=\u00bbno\u00bb text_align=\u00bbleft\u00bb background_image_as_pattern=\u00bbwithout_pattern\u00bb z_index=\u00bb\u00bb][vc_column][vc_single_image image=\u00bb2177&#8243; img_size=\u00bbfull\u00bb alignment=\u00bbcenter\u00bb qode_css_animation=\u00bb\u00bb][\/vc_column][\/vc_row][vc_row css_animation=\u00bb\u00bb row_type=\u00bbrow\u00bb use_row_as_full_screen_section=\u00bbno\u00bb type=\u00bbgrid\u00bb angled_section=\u00bbno\u00bb text_align=\u00bbleft\u00bb background_image_as_pattern=\u00bbwithout_pattern\u00bb z_index=\u00bb\u00bb][vc_column][vc_empty_space height=\u00bb60&#8243;][vc_column_text] PROFUNDIZACI\u00d3N Y LIDERAZGO PASTORAL [\/vc_column_text][\/vc_column][\/vc_row][vc_row css_animation=\u00bb\u00bb row_type=\u00bbrow\u00bb use_row_as_full_screen_section=\u00bbno\u00bb type=\u00bbgrid\u00bb angled_section=\u00bbno\u00bb text_align=\u00bbleft\u00bb background_image_as_pattern=\u00bbwithout_pattern\u00bb&#8230;<\/p>\n","protected":false},"author":1,"featured_media":0,"parent":0,"menu_order":0,"comment_status":"closed","ping_status":"closed","template":"full_width.php","meta":{"footnotes":""},"class_list":["post-2084","page","type-page","status-publish","hentry"],"_links":{"self":[{"href":"https:\/\/memoria.escuelateresiana.com\/2024-25\/wp-json\/wp\/v2\/pages\/2084","targetHints":{"allow":["GET"]}}],"collection":[{"href":"https:\/\/memoria.escuelateresiana.com\/2024-25\/wp-json\/wp\/v2\/pages"}],"about":[{"href":"https:\/\/memoria.escuelateresiana.com\/2024-25\/wp-json\/wp\/v2\/types\/page"}],"author":[{"embeddable":true,"href":"https:\/\/memoria.escuelateresiana.com\/2024-25\/wp-json\/wp\/v2\/users\/1"}],"replies":[{"embeddable":true,"href":"https:\/\/memoria.escuelateresiana.com\/2024-25\/wp-json\/wp\/v2\/comments?post=2084"}],"version-history":[{"count":8,"href":"https:\/\/memoria.escuelateresiana.com\/2024-25\/wp-json\/wp\/v2\/pages\/2084\/revisions"}],"predecessor-version":[{"id":2196,"href":"https:\/\/memoria.escuelateresiana.com\/2024-25\/wp-json\/wp\/v2\/pages\/2084\/revisions\/2196"}],"wp:attachment":[{"href":"https:\/\/memoria.escuelateresiana.com\/2024-25\/wp-json\/wp\/v2\/media?parent=2084"}],"curies":[{"name":"wp","href":"https:\/\/api.w.org\/{rel}","templated":true}]}}