{"id":1655,"date":"2023-11-06T10:14:03","date_gmt":"2023-11-06T10:14:03","guid":{"rendered":"https:\/\/escuelateresiana.com\/colegios\/memoria\/?page_id=1655"},"modified":"2025-10-21T07:06:04","modified_gmt":"2025-10-21T07:06:04","slug":"encuentro-de-comunicadores","status":"publish","type":"page","link":"https:\/\/memoria.escuelateresiana.com\/2024-25\/encuentro-de-comunicadores\/","title":{"rendered":"Encuentro de comunicadores"},"content":{"rendered":"<p>[vc_row css_animation=\u00bb\u00bb row_type=\u00bbrow\u00bb use_row_as_full_screen_section=\u00bbno\u00bb type=\u00bbfull_width\u00bb angled_section=\u00bbno\u00bb text_align=\u00bbleft\u00bb background_image_as_pattern=\u00bbwithout_pattern\u00bb][vc_column offset=\u00bbvc_hidden-sm vc_hidden-xs\u00bb][vc_empty_space height=\u00bb200&#8243;][\/vc_column][\/vc_row][vc_row css_animation=\u00bb\u00bb row_type=\u00bbrow\u00bb use_row_as_full_screen_section=\u00bbno\u00bb type=\u00bbfull_width\u00bb angled_section=\u00bbno\u00bb text_align=\u00bbleft\u00bb background_image_as_pattern=\u00bbwithout_pattern\u00bb][vc_column][vc_single_image image=\u00bb2220&#8243; img_size=\u00bbfull\u00bb alignment=\u00bbcenter\u00bb qode_css_animation=\u00bb\u00bb][\/vc_column][\/vc_row][vc_row css_animation=\u00bb\u00bb row_type=\u00bbrow\u00bb use_row_as_full_screen_section=\u00bbno\u00bb type=\u00bbgrid\u00bb angled_section=\u00bbno\u00bb text_align=\u00bbleft\u00bb background_image_as_pattern=\u00bbwithout_pattern\u00bb z_index=\u00bb\u00bb][vc_column][vc_empty_space height=\u00bb60&#8243;][vc_column_text]<\/p>\n<h2><span style=\"color: #23406a;\">ENCUENTROS DE COMUNICADORES:<br \/>\nel primer paso de un gran camino <\/span><\/h2>\n<p>[\/vc_column_text][vc_empty_space height=\u00bb60&#8243;][\/vc_column][\/vc_row][vc_row css_animation=\u00bb\u00bb row_type=\u00bbrow\u00bb use_row_as_full_screen_section=\u00bbno\u00bb type=\u00bbgrid\u00bb angled_section=\u00bbno\u00bb text_align=\u00bbleft\u00bb background_image_as_pattern=\u00bbwithout_pattern\u00bb z_index=\u00bb\u00bb][vc_column][vc_row_inner row_type=\u00bbrow\u00bb type=\u00bbfull_width\u00bb text_align=\u00bbleft\u00bb css_animation=\u00bb\u00bb][vc_column_inner][vc_column_text]Desde el \u00e1mbito de comunicaci\u00f3n se percib\u00eda la necesidad de dar voz, cohesi\u00f3n y formaci\u00f3n a las personas que en los colegios se dedican a las cuestiones relativas a la comunicaci\u00f3n, tanto en la gesti\u00f3n de redes sociales como en otros asuntos de comunicaci\u00f3n interna.<\/p>\n<p>&nbsp;<\/p>\n<p>En sinton\u00eda con la meta 5 del Plan Estrat\u00e9gico Discernido 2023-2027, <strong>\u201cDarnos a conocer y generar confianza en nuestro proyecto, reforzando y alienando la comunicaci\u00f3n interna y externa\u201d, <\/strong>en el curso 2024-2025 se dise\u00f1\u00f3 un encuentro formativo que congreg\u00f3 a personal de los 21 centros con estos objetivos: reflexionar sobre el \u00e1mbito de la comunicaci\u00f3n en nuestros colegios, tomar conciencia de la importancia de una buena comunicaci\u00f3n planificada, reflexionar sobre la organizaci\u00f3n de los equipos de comunicaci\u00f3n, informar sobre la situaci\u00f3n del manual de comunicaci\u00f3n de la FET, ofrecer pautas y estrategias para una buena comunicaci\u00f3n a trav\u00e9s de la web, aprender claves fotogr\u00e1ficas para comunicar y evangelizar con la imagen, profundizar en el uso de herramientas digitales para mejorar la gesti\u00f3n de la comunicaci\u00f3n en redes sociales y crear contenido, y generar red entre los centros.<\/p>\n<p>&nbsp;<\/p>\n<p>Contamos con la colaboraci\u00f3n de Fran Casado, responsable de comunicaci\u00f3n de la Fundaci\u00f3n Educativa Sof\u00eda Barat, que nos ayud\u00f3 a entender la importancia de saber escuchar para comunicar m\u00e1s y mejor, y que comparti\u00f3 sus conocimientos sobre distintas herramientas que facilitan el manejo de las redes sociales.<\/p>\n<p>&nbsp;<\/p>\n<p>A lo largo del encuentro tuvimos la oportunidad de conocer la estructura actual de este \u00e1mbito en cada colegio, la manera de trabajar, las necesidades m\u00e1s urgentes y, sobre todo, qu\u00e9 es indispensable para que la comunicaci\u00f3n se pueda desarrollar como la parte fundamental que ya es en la vida de un colegio.<\/p>\n<p>&nbsp;<\/p>\n<p>La valoraci\u00f3n ha sido muy positiva tanto por parte del equipo que prepar\u00f3 el encuentro \u2013Marta Borja, Ana Llinares, Cristina Boltaina y Marta Azagra- como por parte de los asistentes. Se ha generado una direcci\u00f3n de correo electr\u00f3nico espec\u00edfica de comunicaci\u00f3n para contactar directamente con este grupo de personas, compartir documentos de inter\u00e9s, informar sobre formaciones <em>online<\/em> e intercambiar experiencias. Est\u00e1 previsto un nuevo encuentro el pr\u00f3ximo curso con formadores que tratar\u00e1n algunos de los temas demandados por los asistentes.[\/vc_column_text][\/vc_column_inner][\/vc_row_inner][\/vc_column][\/vc_row][vc_row css_animation=\u00bb\u00bb row_type=\u00bbrow\u00bb use_row_as_full_screen_section=\u00bbno\u00bb type=\u00bbfull_width\u00bb angled_section=\u00bbno\u00bb text_align=\u00bbleft\u00bb background_image_as_pattern=\u00bbwithout_pattern\u00bb][vc_column][vc_empty_space height=\u00bb60&#8243;][vc_gallery type=\u00bbimage_grid\u00bb images=\u00bb2221,2219&#8243; img_size=\u00bbfull\u00bb column_number=\u00bb2&#8243; grayscale=\u00bbno\u00bb images_space=\u00bbgallery_without_space\u00bb][\/vc_column][\/vc_row]<\/p>\n","protected":false},"excerpt":{"rendered":"<p>[vc_row css_animation=\u00bb\u00bb row_type=\u00bbrow\u00bb use_row_as_full_screen_section=\u00bbno\u00bb type=\u00bbfull_width\u00bb angled_section=\u00bbno\u00bb text_align=\u00bbleft\u00bb background_image_as_pattern=\u00bbwithout_pattern\u00bb][vc_column offset=\u00bbvc_hidden-sm vc_hidden-xs\u00bb][vc_empty_space height=\u00bb200&#8243;][\/vc_column][\/vc_row][vc_row css_animation=\u00bb\u00bb row_type=\u00bbrow\u00bb use_row_as_full_screen_section=\u00bbno\u00bb type=\u00bbfull_width\u00bb angled_section=\u00bbno\u00bb text_align=\u00bbleft\u00bb background_image_as_pattern=\u00bbwithout_pattern\u00bb][vc_column][vc_single_image image=\u00bb2220&#8243; img_size=\u00bbfull\u00bb alignment=\u00bbcenter\u00bb qode_css_animation=\u00bb\u00bb][\/vc_column][\/vc_row][vc_row css_animation=\u00bb\u00bb row_type=\u00bbrow\u00bb use_row_as_full_screen_section=\u00bbno\u00bb type=\u00bbgrid\u00bb angled_section=\u00bbno\u00bb text_align=\u00bbleft\u00bb background_image_as_pattern=\u00bbwithout_pattern\u00bb z_index=\u00bb\u00bb][vc_column][vc_empty_space height=\u00bb60&#8243;][vc_column_text] ENCUENTROS DE COMUNICADORES: el primer paso de un gran camino [\/vc_column_text][vc_empty_space height=\u00bb60&#8243;][\/vc_column][\/vc_row][vc_row css_animation=\u00bb\u00bb row_type=\u00bbrow\u00bb&#8230;<\/p>\n","protected":false},"author":1,"featured_media":0,"parent":0,"menu_order":0,"comment_status":"closed","ping_status":"closed","template":"full_width.php","meta":{"footnotes":""},"class_list":["post-1655","page","type-page","status-publish","hentry"],"_links":{"self":[{"href":"https:\/\/memoria.escuelateresiana.com\/2024-25\/wp-json\/wp\/v2\/pages\/1655","targetHints":{"allow":["GET"]}}],"collection":[{"href":"https:\/\/memoria.escuelateresiana.com\/2024-25\/wp-json\/wp\/v2\/pages"}],"about":[{"href":"https:\/\/memoria.escuelateresiana.com\/2024-25\/wp-json\/wp\/v2\/types\/page"}],"author":[{"embeddable":true,"href":"https:\/\/memoria.escuelateresiana.com\/2024-25\/wp-json\/wp\/v2\/users\/1"}],"replies":[{"embeddable":true,"href":"https:\/\/memoria.escuelateresiana.com\/2024-25\/wp-json\/wp\/v2\/comments?post=1655"}],"version-history":[{"count":20,"href":"https:\/\/memoria.escuelateresiana.com\/2024-25\/wp-json\/wp\/v2\/pages\/1655\/revisions"}],"predecessor-version":[{"id":2222,"href":"https:\/\/memoria.escuelateresiana.com\/2024-25\/wp-json\/wp\/v2\/pages\/1655\/revisions\/2222"}],"wp:attachment":[{"href":"https:\/\/memoria.escuelateresiana.com\/2024-25\/wp-json\/wp\/v2\/media?parent=1655"}],"curies":[{"name":"wp","href":"https:\/\/api.w.org\/{rel}","templated":true}]}}