{"id":1645,"date":"2023-11-02T13:56:10","date_gmt":"2023-11-02T13:56:10","guid":{"rendered":"https:\/\/escuelateresiana.com\/colegios\/memoria\/?page_id=1645"},"modified":"2023-11-22T09:35:14","modified_gmt":"2023-11-22T09:35:14","slug":"san-sebastian-un-proyecto-esperanzador","status":"publish","type":"page","link":"https:\/\/memoria.escuelateresiana.com\/2022-23\/san-sebastian-un-proyecto-esperanzador\/","title":{"rendered":"San Sebasti\u00e1n, un proyecto esperanzador"},"content":{"rendered":"<p>[vc_row css_animation=\u00bb\u00bb row_type=\u00bbrow\u00bb use_row_as_full_screen_section=\u00bbno\u00bb type=\u00bbgrid\u00bb angled_section=\u00bbno\u00bb text_align=\u00bbleft\u00bb background_image_as_pattern=\u00bbwithout_pattern\u00bb z_index=\u00bb\u00bb][vc_column][vc_empty_space height=\u00bb60&#8243;][vc_column_text]<\/p>\n<h2>San Sebasti\u00e1n, un proyecto esperanzador<\/h2>\n<p>[\/vc_column_text][vc_empty_space height=\u00bb60&#8243;][\/vc_column][\/vc_row][vc_row css_animation=\u00bb\u00bb row_type=\u00bbrow\u00bb use_row_as_full_screen_section=\u00bbno\u00bb type=\u00bbgrid\u00bb angled_section=\u00bbno\u00bb text_align=\u00bbleft\u00bb background_image_as_pattern=\u00bbwithout_pattern\u00bb z_index=\u00bb\u00bb][vc_column][vc_row_inner row_type=\u00bbrow\u00bb type=\u00bbfull_width\u00bb text_align=\u00bbleft\u00bb css_animation=\u00bb\u00bb][vc_column_inner][vc_column_text]<img decoding=\"async\" class=\"alignright size-full wp-image-1646\" src=\"https:\/\/memoria.escuelateresiana.com\/2022-23\/wp-content\/uploads\/2023\/11\/proyecto-integrador-Donosti.jpeg\" alt=\"\" width=\"600\" srcset=\"https:\/\/memoria.escuelateresiana.com\/2022-23\/wp-content\/uploads\/2023\/11\/proyecto-integrador-Donosti.jpeg 800w, https:\/\/memoria.escuelateresiana.com\/2022-23\/wp-content\/uploads\/2023\/11\/proyecto-integrador-Donosti-300x225.jpeg 300w, https:\/\/memoria.escuelateresiana.com\/2022-23\/wp-content\/uploads\/2023\/11\/proyecto-integrador-Donosti-768x576.jpeg 768w, https:\/\/memoria.escuelateresiana.com\/2022-23\/wp-content\/uploads\/2023\/11\/proyecto-integrador-Donosti-700x525.jpeg 700w\" sizes=\"(max-width: 800px) 100vw, 800px\" \/>Nuestro colegio de San Sebasti\u00e1n, Santa Teresa Ikastexea, ha vivido con ilusi\u00f3n en este curso el comienzo de un nuevo camino que abre una puerta de esperanza al futuro: se trata de la uni\u00f3n con otros dos centros de la localidad pertenecientes a la Fundaci\u00f3n Jesuitina y a la Fundaci\u00f3n diocesana Elikel, para crear juntos un nuevo proyecto educativo.<\/p>\n<p>&nbsp;<\/p>\n<p>Somos conscientes de que vivimos <em>\u201ctiempos recios\u201d<\/em> para la educaci\u00f3n concertada cat\u00f3lica, con una sociedad cada vez m\u00e1s secularizada y unos \u00edndices de natalidad en continuo descenso. Por ello, es momento de buscar nuevos modos y, como dec\u00eda Santa Teresa, \u201c<em>hacernos espaldas unos a otros\u201d.<\/em><\/p>\n<p>&nbsp;<\/p>\n<p>En este contexto, con el firme prop\u00f3sito de generar un proyecto educativo novedoso que asegure la permanencia de la escuela cat\u00f3lica en la comarca de San Sebasti\u00e1n, y alentados por la llamada a la sinodalidad eclesial a la que nos invita el papa Francisco, nace este proyecto integrador y esperanzador entre estas instituciones, todas ellas con larga tradici\u00f3n educativa en Donostialdea.<\/p>\n<p>Han sido a\u00f1os de conversaciones entre las tres, m\u00e1s intensificadas en el curso 2022-23: pasos adelante, atr\u00e1s, vuelta al punto de partida, sue\u00f1os, constataciones, an\u00e1lisis de la realidad\u2026 Poco a poco se fueron vislumbrando posibilidades de integraci\u00f3n de los tres colegios.<\/p>\n<p>&nbsp;<\/p>\n<p>Tras asegurar que el proceso contaba con el apoyo del Gobierno Vasco, se establecieron las bases de la integraci\u00f3n y en el mes de mayo se firm\u00f3 un acuerdo de colaboraci\u00f3n marco entre las tres instituciones que recoge las concreciones definidas hasta el momento, sabiendo que todav\u00eda faltaban muchos aspectos por acordar. Queda expl\u00edcito en dicho acuerdo el objetivo de la integraci\u00f3n de consolidar una oferta educativa cristiana, innovadora, desde educaci\u00f3n infantil hasta las ense\u00f1anzas postobligatorias, basada en la experiencia y aportaci\u00f3n de las partes y de los centros, con un prop\u00f3sito de servicio a la sociedad y a la Iglesia.<\/p>\n<p>&nbsp;<\/p>\n<p>En cuanto al calendario de implantaci\u00f3n, se har\u00e1 en tres cursos: en 2023-24 las ense\u00f1anzas correspondientes al primer ciclo de Infantil y al primer curso del segundo ciclo pasan a impartirse en las instalaciones de nuestro colegio; en el curso 2024-25 ser\u00e1n 2\u00ba y 3\u00ba del segundo ciclo de Infantil y toda la Primaria; y en 2025-26, la Educaci\u00f3n Secundaria Obligatoria y Bachillerato.<\/p>\n<p>&nbsp;<\/p>\n<p>El acuerdo recoge el compromiso de apoyo de las tres partes al proyecto en todas sus dimensiones (pedag\u00f3gica, pastoral, organizativa, econ\u00f3mica, laboral\u2026), ofreciendo las personas, equipos y recursos que sean precisos para ello y siendo corresponsables de su ejecuci\u00f3n.<\/p>\n<p>&nbsp;<\/p>\n<p>Los equipos directivos recibieron a finales de abril la noticia con mucha ilusi\u00f3n y la conexi\u00f3n entre los equipos de los tres centros fue inmediata. En los educadores y familias hubo tambi\u00e9n muy buena acogida y las reacciones fueron de ilusi\u00f3n, aunque tambi\u00e9n surgieron dudas e incertidumbre, pues quedaban todav\u00eda muchas preguntas por responder.<\/p>\n<p>&nbsp;<\/p>\n<p>Con gran implicaci\u00f3n de los equipos directivos, se comenz\u00f3 a trabajar intensamente en aspectos concretos del pr\u00f3ximo curso (transporte, uniformes, comunicaciones\u2026).<\/p>\n<p>&nbsp;<\/p>\n<p><img loading=\"lazy\" decoding=\"async\" class=\"alignleft size-full wp-image-1650\" src=\"https:\/\/memoria.escuelateresiana.com\/2022-23\/wp-content\/uploads\/2023\/11\/proyecto-integrador-donosti-2.jpg\" alt=\"\" width=\"567\" height=\"425\" srcset=\"https:\/\/memoria.escuelateresiana.com\/2022-23\/wp-content\/uploads\/2023\/11\/proyecto-integrador-donosti-2.jpg 567w, https:\/\/memoria.escuelateresiana.com\/2022-23\/wp-content\/uploads\/2023\/11\/proyecto-integrador-donosti-2-300x225.jpg 300w\" sizes=\"auto, (max-width: 567px) 100vw, 567px\" \/>Respecto al proyecto educativo, las titularidades compartieron desde el primer momento la necesidad de crear uno nuevo con participaci\u00f3n de las tres comunidades educativas. Para ello se decidi\u00f3 contar con asesoramiento de especialistas en el mundo educativo y comenzaron las primeras sesiones de trabajo a principios del mes de junio.<\/p>\n<p>&nbsp;<\/p>\n<p>En septiembre de 2023 se har\u00e1 realidad la integraci\u00f3n con el inicio de los cursos de 0, 1, 2 y 3 a\u00f1os y la incorporaci\u00f3n de tres trabajadoras de Larramendi y Jesuitinas en nuestro colegio. Queda un curso intenso y apasionante para seguir dando pasos firmes que hagan crecer este proyecto sinodal evang\u00e9lico en Donostia, una escuela familiar en la que el alumnado, las familias y el profesorado se relacionan de manera positiva y constructiva, desde el convencimiento de que las personas son irrepetibles, se desarrollan en comunidad, se hacen preguntas y est\u00e1n abiertas al aprendizaje y al compromiso con un mundo en cambio.<\/p>\n<p>&nbsp;<\/p>\n<p>Entre las claves de este proceso integrador destacan la transparencia absoluta en los di\u00e1logos entre las tres instituciones y la confianza rec\u00edproca, el aval de los patronatos, la valent\u00eda y confianza de las instituciones, la selecci\u00f3n de asesores externos de gran val\u00eda profesional y afines a nuestros idearios para acompa\u00f1ar en el aspecto administrativo, mercantil, laboral, \u00a0educativo y de comunicaci\u00f3n, el cuidado de las relaciones inter-centros, el apoyo del Gobierno Vasco, la implicaci\u00f3n de los equipos directivos y de titularidad y, sobre todo, sabernos en manos de Dios\u2026<\/p>\n<p>&nbsp;<\/p>\n<p>Algo nuevo est\u00e1 brotando. Un proyecto esperanzador est\u00e1 en marcha en Donostia.[\/vc_column_text][\/vc_column_inner][\/vc_row_inner][\/vc_column][\/vc_row][vc_row css_animation=\u00bb\u00bb row_type=\u00bbrow\u00bb use_row_as_full_screen_section=\u00bbno\u00bb type=\u00bbfull_width\u00bb angled_section=\u00bbno\u00bb text_align=\u00bbleft\u00bb background_image_as_pattern=\u00bbwithout_pattern\u00bb][vc_column][vc_empty_space height=\u00bb60&#8243;][\/vc_column][\/vc_row]<\/p>\n","protected":false},"excerpt":{"rendered":"<p>[vc_row css_animation=\u00bb\u00bb row_type=\u00bbrow\u00bb use_row_as_full_screen_section=\u00bbno\u00bb type=\u00bbgrid\u00bb angled_section=\u00bbno\u00bb text_align=\u00bbleft\u00bb background_image_as_pattern=\u00bbwithout_pattern\u00bb z_index=\u00bb\u00bb][vc_column][vc_empty_space height=\u00bb60&#8243;][vc_column_text] San Sebasti\u00e1n, un proyecto esperanzador [\/vc_column_text][vc_empty_space height=\u00bb60&#8243;][\/vc_column][\/vc_row][vc_row css_animation=\u00bb\u00bb row_type=\u00bbrow\u00bb use_row_as_full_screen_section=\u00bbno\u00bb type=\u00bbgrid\u00bb angled_section=\u00bbno\u00bb text_align=\u00bbleft\u00bb background_image_as_pattern=\u00bbwithout_pattern\u00bb z_index=\u00bb\u00bb][vc_column][vc_row_inner row_type=\u00bbrow\u00bb type=\u00bbfull_width\u00bb text_align=\u00bbleft\u00bb css_animation=\u00bb\u00bb][vc_column_inner][vc_column_text]Nuestro colegio de San Sebasti\u00e1n, Santa Teresa Ikastexea, ha vivido con ilusi\u00f3n en este curso el comienzo&#8230;<\/p>\n","protected":false},"author":1,"featured_media":0,"parent":0,"menu_order":0,"comment_status":"closed","ping_status":"closed","template":"full_width.php","meta":{"footnotes":""},"class_list":["post-1645","page","type-page","status-publish","hentry"],"_links":{"self":[{"href":"https:\/\/memoria.escuelateresiana.com\/2022-23\/wp-json\/wp\/v2\/pages\/1645","targetHints":{"allow":["GET"]}}],"collection":[{"href":"https:\/\/memoria.escuelateresiana.com\/2022-23\/wp-json\/wp\/v2\/pages"}],"about":[{"href":"https:\/\/memoria.escuelateresiana.com\/2022-23\/wp-json\/wp\/v2\/types\/page"}],"author":[{"embeddable":true,"href":"https:\/\/memoria.escuelateresiana.com\/2022-23\/wp-json\/wp\/v2\/users\/1"}],"replies":[{"embeddable":true,"href":"https:\/\/memoria.escuelateresiana.com\/2022-23\/wp-json\/wp\/v2\/comments?post=1645"}],"version-history":[{"count":7,"href":"https:\/\/memoria.escuelateresiana.com\/2022-23\/wp-json\/wp\/v2\/pages\/1645\/revisions"}],"predecessor-version":[{"id":1734,"href":"https:\/\/memoria.escuelateresiana.com\/2022-23\/wp-json\/wp\/v2\/pages\/1645\/revisions\/1734"}],"wp:attachment":[{"href":"https:\/\/memoria.escuelateresiana.com\/2022-23\/wp-json\/wp\/v2\/media?parent=1645"}],"curies":[{"name":"wp","href":"https:\/\/api.w.org\/{rel}","templated":true}]}}

San Sebastián, un proyecto esperanzador

<p>[vc_row css_animation=»» row_type=»row» use_row_as_full_screen_section=»no» type=»grid» angled_section=»no» text_align=»left» background_image_as_pattern=»without_pattern» z_index=»»][vc_column][vc_empty_space height=»60&#8243;][vc_column_text]</p>
<h2>San Sebastián, un proyecto esperanzador</h2>
<p>[/vc_column_text][vc_empty_space height=»60&#8243;][/vc_column][/vc_row][vc_row css_animation=»» row_type=»row» use_row_as_full_screen_section=»no» type=»grid» angled_section=»no» text_align=»left» background_image_as_pattern=»without_pattern» z_index=»»][vc_column][vc_row_inner row_type=»row» type=»full_width» text_align=»left» css_animation=»»][vc_column_inner][vc_column_text]<img decoding="async" class="alignright size-full wp-image-1646" src="https://memoria.escuelateresiana.com/2022-23/wp-content/uploads/2023/11/proyecto-integrador-Donosti.jpeg" alt="" width="600" srcset="https://memoria.escuelateresiana.com/2022-23/wp-content/uploads/2023/11/proyecto-integrador-Donosti.jpeg 800w, https://memoria.escuelateresiana.com/2022-23/wp-content/uploads/2023/11/proyecto-integrador-Donosti-300x225.jpeg 300w, https://memoria.escuelateresiana.com/2022-23/wp-content/uploads/2023/11/proyecto-integrador-Donosti-768x576.jpeg 768w, https://memoria.escuelateresiana.com/2022-23/wp-content/uploads/2023/11/proyecto-integrador-Donosti-700x525.jpeg 700w" sizes="(max-width: 800px) 100vw, 800px" />Nuestro colegio de San Sebastián, Santa Teresa Ikastexea, ha vivido con ilusión en este curso el comienzo de un nuevo camino que abre una puerta de esperanza al futuro: se trata de la unión con otros dos centros de la localidad pertenecientes a la Fundación Jesuitina y a la Fundación diocesana Elikel, para crear juntos un nuevo proyecto educativo.</p>
<p>&nbsp;</p>
<p>Somos conscientes de que vivimos <em>“tiempos recios”</em> para la educación concertada católica, con una sociedad cada vez más secularizada y unos índices de natalidad en continuo descenso. Por ello, es momento de buscar nuevos modos y, como decía Santa Teresa, “<em>hacernos espaldas unos a otros”.</em></p>
<p>&nbsp;</p>
<p>En este contexto, con el firme propósito de generar un proyecto educativo novedoso que asegure la permanencia de la escuela católica en la comarca de San Sebastián, y alentados por la llamada a la sinodalidad eclesial a la que nos invita el papa Francisco, nace este proyecto integrador y esperanzador entre estas instituciones, todas ellas con larga tradición educativa en Donostialdea.</p>
<p>Han sido años de conversaciones entre las tres, más intensificadas en el curso 2022-23: pasos adelante, atrás, vuelta al punto de partida, sueños, constataciones, análisis de la realidad… Poco a poco se fueron vislumbrando posibilidades de integración de los tres colegios.</p>
<p>&nbsp;</p>
<p>Tras asegurar que el proceso contaba con el apoyo del Gobierno Vasco, se establecieron las bases de la integración y en el mes de mayo se firmó un acuerdo de colaboración marco entre las tres instituciones que recoge las concreciones definidas hasta el momento, sabiendo que todavía faltaban muchos aspectos por acordar. Queda explícito en dicho acuerdo el objetivo de la integración de consolidar una oferta educativa cristiana, innovadora, desde educación infantil hasta las enseñanzas postobligatorias, basada en la experiencia y aportación de las partes y de los centros, con un propósito de servicio a la sociedad y a la Iglesia.</p>
<p>&nbsp;</p>
<p>En cuanto al calendario de implantación, se hará en tres cursos: en 2023-24 las enseñanzas correspondientes al primer ciclo de Infantil y al primer curso del segundo ciclo pasan a impartirse en las instalaciones de nuestro colegio; en el curso 2024-25 serán 2º y 3º del segundo ciclo de Infantil y toda la Primaria; y en 2025-26, la Educación Secundaria Obligatoria y Bachillerato.</p>
<p>&nbsp;</p>
<p>El acuerdo recoge el compromiso de apoyo de las tres partes al proyecto en todas sus dimensiones (pedagógica, pastoral, organizativa, económica, laboral…), ofreciendo las personas, equipos y recursos que sean precisos para ello y siendo corresponsables de su ejecución.</p>
<p>&nbsp;</p>
<p>Los equipos directivos recibieron a finales de abril la noticia con mucha ilusión y la conexión entre los equipos de los tres centros fue inmediata. En los educadores y familias hubo también muy buena acogida y las reacciones fueron de ilusión, aunque también surgieron dudas e incertidumbre, pues quedaban todavía muchas preguntas por responder.</p>
<p>&nbsp;</p>
<p>Con gran implicación de los equipos directivos, se comenzó a trabajar intensamente en aspectos concretos del próximo curso (transporte, uniformes, comunicaciones…).</p>
<p>&nbsp;</p>
<p><img loading="lazy" decoding="async" class="alignleft size-full wp-image-1650" src="https://memoria.escuelateresiana.com/2022-23/wp-content/uploads/2023/11/proyecto-integrador-donosti-2.jpg" alt="" width="567" height="425" srcset="https://memoria.escuelateresiana.com/2022-23/wp-content/uploads/2023/11/proyecto-integrador-donosti-2.jpg 567w, https://memoria.escuelateresiana.com/2022-23/wp-content/uploads/2023/11/proyecto-integrador-donosti-2-300x225.jpg 300w" sizes="auto, (max-width: 567px) 100vw, 567px" />Respecto al proyecto educativo, las titularidades compartieron desde el primer momento la necesidad de crear uno nuevo con participación de las tres comunidades educativas. Para ello se decidió contar con asesoramiento de especialistas en el mundo educativo y comenzaron las primeras sesiones de trabajo a principios del mes de junio.</p>
<p>&nbsp;</p>
<p>En septiembre de 2023 se hará realidad la integración con el inicio de los cursos de 0, 1, 2 y 3 años y la incorporación de tres trabajadoras de Larramendi y Jesuitinas en nuestro colegio. Queda un curso intenso y apasionante para seguir dando pasos firmes que hagan crecer este proyecto sinodal evangélico en Donostia, una escuela familiar en la que el alumnado, las familias y el profesorado se relacionan de manera positiva y constructiva, desde el convencimiento de que las personas son irrepetibles, se desarrollan en comunidad, se hacen preguntas y están abiertas al aprendizaje y al compromiso con un mundo en cambio.</p>
<p>&nbsp;</p>
<p>Entre las claves de este proceso integrador destacan la transparencia absoluta en los diálogos entre las tres instituciones y la confianza recíproca, el aval de los patronatos, la valentía y confianza de las instituciones, la selección de asesores externos de gran valía profesional y afines a nuestros idearios para acompañar en el aspecto administrativo, mercantil, laboral,  educativo y de comunicación, el cuidado de las relaciones inter-centros, el apoyo del Gobierno Vasco, la implicación de los equipos directivos y de titularidad y, sobre todo, sabernos en manos de Dios…</p>
<p>&nbsp;</p>
<p>Algo nuevo está brotando. Un proyecto esperanzador está en marcha en Donostia.[/vc_column_text][/vc_column_inner][/vc_row_inner][/vc_column][/vc_row][vc_row css_animation=»» row_type=»row» use_row_as_full_screen_section=»no» type=»full_width» angled_section=»no» text_align=»left» background_image_as_pattern=»without_pattern»][vc_column][vc_empty_space height=»60&#8243;][/vc_column][/vc_row]</p>

<p>[vc_row css_animation=»» row_type=»row» use_row_as_full_screen_section=»no» type=»grid» angled_section=»no» text_align=»left» background_image_as_pattern=»without_pattern» z_index=»»][vc_column][vc_empty_space height=»60&#8243;][vc_column_text] San Sebastián, un proyecto esperanzador [/vc_column_text][vc_empty_space height=»60&#8243;][/vc_column][/vc_row][vc_row css_animation=»» row_type=»row» use_row_as_full_screen_section=»no» type=»grid» angled_section=»no» text_align=»left» background_image_as_pattern=»without_pattern» z_index=»»][vc_column][vc_row_inner row_type=»row» type=»full_width» text_align=»left» css_animation=»»][vc_column_inner][vc_column_text]Nuestro colegio de San Sebastián, Santa Teresa Ikastexea, ha vivido con ilusión en este curso el comienzo&#8230;</p>
