{"id":1618,"date":"2023-11-02T13:31:50","date_gmt":"2023-11-02T13:31:50","guid":{"rendered":"https:\/\/escuelateresiana.com\/colegios\/memoria\/?page_id=1618"},"modified":"2023-11-21T13:24:34","modified_gmt":"2023-11-21T13:24:34","slug":"equipo-de-educacion-afectivo-sexual","status":"publish","type":"page","link":"https:\/\/memoria.escuelateresiana.com\/2022-23\/equipo-de-educacion-afectivo-sexual\/","title":{"rendered":"Equipo de Educaci\u00f3n Afectivo-Sexual"},"content":{"rendered":"<p>[vc_row css_animation=\u00bb\u00bb row_type=\u00bbrow\u00bb use_row_as_full_screen_section=\u00bbno\u00bb type=\u00bbgrid\u00bb angled_section=\u00bbno\u00bb text_align=\u00bbleft\u00bb background_image_as_pattern=\u00bbwithout_pattern\u00bb z_index=\u00bb\u00bb][vc_column][vc_empty_space height=\u00bb60&#8243;][vc_column_text]<\/p>\n<h2><span style=\"color: #23406a;\">Equipo de Educaci\u00f3n Afectivo-Sexual<\/span><\/h2>\n<p>[\/vc_column_text][vc_empty_space][\/vc_column][\/vc_row][vc_row css_animation=\u00bb\u00bb row_type=\u00bbrow\u00bb use_row_as_full_screen_section=\u00bbno\u00bb type=\u00bbgrid\u00bb angled_section=\u00bbno\u00bb text_align=\u00bbleft\u00bb background_image_as_pattern=\u00bbwithout_pattern\u00bb z_index=\u00bb\u00bb][vc_column]<div class=\"qode-simple-quote-holder \">\n\t<div class=\"qode-simple-quote-triangle-shadow\">\n\t\t\n\t<\/div>\n\t<div class=\"qode-simple-quote-triangle\" >\n\t\t\n\t<\/div>\n\t<div class=\"qode-simple-quote-holder-inner\" >\n\t\t<div class=\"qode-simple-quote-icon-holder\"  style=\"fill: #45ac34\">\n\t\t\t<svg x=\"0px\" y=\"0px\" width=\"118px\" height=\"97px\" viewBox=\"0 0 118 97\" enable-background=\"new 0 0 118 97\" xml:space=\"preserve\">\n\t\t\t\t<g>\n\t\t\t\t\t<path d=\"M31.1,73.998c5.688-7.111,8.535-14.316,8.535-21.617c0-3.09-0.371-5.751-1.113-7.978c-4.332,3.34-9.031,5.009-14.102,5.009\n\t\t\t\t\t\tc-6.929,0-12.71-2.194-17.349-6.586c-4.639-4.389-6.958-10.298-6.958-17.72c0-6.926,2.348-12.71,7.051-17.349\n\t\t\t\t\t\tc4.7-4.639,10.452-6.958,17.256-6.958c9.77,0,17.256,4.021,22.451,12.061c4.329,6.68,6.494,15.029,6.494,25.049\n\t\t\t\t\t\tc0,12.742-3.247,24.154-9.741,34.234C37.13,82.227,27.325,90.357,14.215,96.541l-3.525-6.865\n\t\t\t\t\t\tC18.604,86.336,25.409,81.113,31.1,73.998z M95.67,73.998c5.688-7.111,8.535-14.316,8.535-21.617c0-3.09-0.371-5.751-1.113-7.978\n\t\t\t\t\t\tc-4.206,3.34-8.906,5.009-14.102,5.009c-6.804,0-12.556-2.194-17.256-6.586c-4.702-4.389-7.051-10.298-7.051-17.72\n\t\t\t\t\t\tc0-4.575,1.113-8.721,3.34-12.432s5.195-6.616,8.906-8.721c3.711-2.102,7.729-3.154,12.061-3.154\n\t\t\t\t\t\tc9.771,0,17.256,4.021,22.451,12.061c4.329,6.68,6.494,15.029,6.494,25.049c0,12.742-3.247,24.154-9.741,34.234\n\t\t\t\t\t\tC101.7,82.227,91.896,90.357,78.785,96.541l-3.525-6.865C83.175,86.336,89.979,81.113,95.67,73.998z\"\/>\n\t\t\t\t<\/g>\n\t\t\t<\/svg>\n\t\t<\/div>\n\t\t<div class=\"qode-simple-quote-content-holder\">\n\t\t\t<div class=\"qode-simple-quote-content-holder-inner\">\n\t\t\t\t<div class=\"qode-simple-quote-text-holder\" >\n\t\t\t\t\t<h5 class=\"qode-simple-quote-text-title\"> \u201cDeber\u00edamos preguntarnos si nuestras instituciones educativas han asumido el desaf\u00edo de la educaci\u00f3n afectivo sexual. Es dif\u00edcil pensar la educaci\u00f3n sexual en una \u00e9poca en que la sexualidad tiende a banalizarse y a empobrecerse. S\u00f3lo podr\u00eda entenderse en el marco de una educaci\u00f3n para el amor, para la donaci\u00f3n mutua. De esa manera, el lenguaje de la sexualidad no se ve tristemente empobrecido, sino iluminado\u201d.  <\/h5>\n\t\t\t\t<\/div>\n\t\t\t\t<div class=\"qode-simple-quote-author-holder\">\n\t\t\t\t\t<h6 class=\"qode-simple-quote-author-title\"> (Amoris Laetitia n. 280)  <\/h6>\n\t\t\t\t<\/div>\n\t\t\t<\/div>\n\t\t<\/div>\n\t<\/div>\n<\/div>[vc_empty_space][\/vc_column][\/vc_row][vc_row css_animation=\u00bb\u00bb row_type=\u00bbrow\u00bb use_row_as_full_screen_section=\u00bbno\u00bb type=\u00bbgrid\u00bb angled_section=\u00bbno\u00bb text_align=\u00bbleft\u00bb background_image_as_pattern=\u00bbwithout_pattern\u00bb z_index=\u00bb\u00bb padding_bottom=\u00bb60&#8243;][vc_column][vc_empty_space][vc_column_text]En el curso 22-23 se cre\u00f3 el equipo encargado de dise\u00f1ar un programa de educaci\u00f3n afectivo-sexual para la Fundaci\u00f3n, a partir de la formaci\u00f3n recibida por Escuelas Cat\u00f3licas en colaboraci\u00f3n con la UNINPSI (Universidad Pontificia de Comillas). Se trata del curso \u201cFormadores en educaci\u00f3n afectivo- sexual\u201d en el que han participado algunos docentes de todos nuestros centros.<\/p>\n<p>&nbsp;<\/p>\n<p>Este equipo surge al escuchar las inquietudes de los colegios y querer dar respuesta a la necesidad de unificar institucionalmente criterios a la hora de dise\u00f1ar o impartir a nuestro alumnado un programa de educaci\u00f3n afectivo-sexual, en consonancia con nuestro proyecto educativo y el car\u00e1cter propio.<\/p>\n<p>&nbsp;<\/p>\n<p>En los colegios de la Fundaci\u00f3n Escuela Teresiana, ya llevamos tiempo integrando la educaci\u00f3n afectivo-sexual a trav\u00e9s del plan de acci\u00f3n tutorial que recoge, desde los inicios de la escolaridad, sesiones de tutor\u00edas espec\u00edficas con el objeto de educar integralmente a nuestro alumnado desde nuestro carisma educativo teresiano.\u00a0 La formaci\u00f3n recibida nos ofreci\u00f3 un marco general desde donde situar este programa en nuestros centros, ofreci\u00e9ndonos una mirada interdisciplinar que ha aportado fundamentos teol\u00f3gicos, pastorales, morales, legales y pedag\u00f3gicos, as\u00ed como herramientas y propuestas did\u00e1cticas.<\/p>\n<p>&nbsp;<\/p>\n<p>El equipo encargado de dise\u00f1ar este programa est\u00e1 integrado por algunos docentes de nuestros centros con diferentes perfiles y que han recibido esta formaci\u00f3n: Mar\u00eda Asensio (orientadora del colegio de Oviedo), Koldo Aramburu (profesor de Secundaria en el colegio de San Sebasti\u00e1n), Susana Capelo (orientadora del colegio de Ganduxer), Berta Morera (profesora de Secundaria del colegio de San Juan de Aznalfarache), Cristina Oiz (directora general del colegio de Pamplona y anterior orientadora) y Esther Medina Garc\u00eda (directora general del colegio de Valladolid), que asume la\u00a0 coordinaci\u00f3n de este equipo.<\/p>\n<p>&nbsp;<\/p>\n<p>A lo largo del curso 22-23 se han mantenido dos encuentros presenciales donde se ha iniciado el trabajo abordando el objetivo propuesto de elaborar un programa de educaci\u00f3n afectivo-sexual para la Fundaci\u00f3n, integrando la propuesta recibida con nuestro plan de acci\u00f3n tutorial para garantizar una cierta unidad en este proceso de acompa\u00f1amiento al alumnado.<\/p>\n<p>&nbsp;<\/p>\n<p>Est\u00e1 previsto que el equipo contin\u00fae con el trabajo durante el pr\u00f3ximo curso de cara a finalizar el dise\u00f1o del programa, preparar la presentaci\u00f3n a los centros, y promover la reflexi\u00f3n para que como educadores teresianos podamos ofrecer a nuestro alumnado un desarrollo arm\u00f3nico de la afectividad\/sexualidad y acompa\u00f1ar en la elaboraci\u00f3n de un sistema de valores y creencias, as\u00ed como de un modelo amoroso sano.[\/vc_column_text][vc_empty_space][\/vc_column][\/vc_row][vc_row css_animation=\u00bb\u00bb row_type=\u00bbrow\u00bb use_row_as_full_screen_section=\u00bbno\u00bb type=\u00bbfull_width\u00bb angled_section=\u00bbno\u00bb text_align=\u00bbleft\u00bb background_image_as_pattern=\u00bbwithout_pattern\u00bb][vc_column][vc_gallery type=\u00bbimage_grid\u00bb images=\u00bb1720,1721,1722&#8243; img_size=\u00bbfull\u00bb column_number=\u00bb3&#8243; grayscale=\u00bbno\u00bb images_space=\u00bbgallery_without_space\u00bb][\/vc_column][\/vc_row][vc_row css_animation=\u00bb\u00bb row_type=\u00bbrow\u00bb use_row_as_full_screen_section=\u00bbno\u00bb type=\u00bbfull_width\u00bb angled_section=\u00bbno\u00bb text_align=\u00bbleft\u00bb background_image_as_pattern=\u00bbwithout_pattern\u00bb][vc_column][vc_gallery type=\u00bbimage_grid\u00bb images=\u00bb1723,1735,1809&#8243; img_size=\u00bbfull\u00bb column_number=\u00bb3&#8243; grayscale=\u00bbno\u00bb images_space=\u00bbgallery_without_space\u00bb][\/vc_column][\/vc_row]<\/p>\n","protected":false},"excerpt":{"rendered":"<p>[vc_row css_animation=\u00bb\u00bb row_type=\u00bbrow\u00bb use_row_as_full_screen_section=\u00bbno\u00bb type=\u00bbgrid\u00bb angled_section=\u00bbno\u00bb text_align=\u00bbleft\u00bb background_image_as_pattern=\u00bbwithout_pattern\u00bb z_index=\u00bb\u00bb][vc_column][vc_empty_space height=\u00bb60&#8243;][vc_column_text] Equipo de Educaci\u00f3n Afectivo-Sexual [\/vc_column_text][vc_empty_space][\/vc_column][\/vc_row][vc_row css_animation=\u00bb\u00bb row_type=\u00bbrow\u00bb use_row_as_full_screen_section=\u00bbno\u00bb type=\u00bbgrid\u00bb angled_section=\u00bbno\u00bb text_align=\u00bbleft\u00bb background_image_as_pattern=\u00bbwithout_pattern\u00bb z_index=\u00bb\u00bb][vc_column][vc_empty_space][\/vc_column][\/vc_row][vc_row css_animation=\u00bb\u00bb row_type=\u00bbrow\u00bb use_row_as_full_screen_section=\u00bbno\u00bb type=\u00bbgrid\u00bb angled_section=\u00bbno\u00bb text_align=\u00bbleft\u00bb background_image_as_pattern=\u00bbwithout_pattern\u00bb z_index=\u00bb\u00bb padding_bottom=\u00bb60&#8243;][vc_column][vc_empty_space][vc_column_text]En el curso 22-23 se cre\u00f3 el equipo encargado de dise\u00f1ar un programa de&#8230;<\/p>\n","protected":false},"author":1,"featured_media":0,"parent":0,"menu_order":0,"comment_status":"closed","ping_status":"closed","template":"full_width.php","meta":{"footnotes":""},"class_list":["post-1618","page","type-page","status-publish","hentry"],"_links":{"self":[{"href":"https:\/\/memoria.escuelateresiana.com\/2022-23\/wp-json\/wp\/v2\/pages\/1618","targetHints":{"allow":["GET"]}}],"collection":[{"href":"https:\/\/memoria.escuelateresiana.com\/2022-23\/wp-json\/wp\/v2\/pages"}],"about":[{"href":"https:\/\/memoria.escuelateresiana.com\/2022-23\/wp-json\/wp\/v2\/types\/page"}],"author":[{"embeddable":true,"href":"https:\/\/memoria.escuelateresiana.com\/2022-23\/wp-json\/wp\/v2\/users\/1"}],"replies":[{"embeddable":true,"href":"https:\/\/memoria.escuelateresiana.com\/2022-23\/wp-json\/wp\/v2\/comments?post=1618"}],"version-history":[{"count":19,"href":"https:\/\/memoria.escuelateresiana.com\/2022-23\/wp-json\/wp\/v2\/pages\/1618\/revisions"}],"predecessor-version":[{"id":1811,"href":"https:\/\/memoria.escuelateresiana.com\/2022-23\/wp-json\/wp\/v2\/pages\/1618\/revisions\/1811"}],"wp:attachment":[{"href":"https:\/\/memoria.escuelateresiana.com\/2022-23\/wp-json\/wp\/v2\/media?parent=1618"}],"curies":[{"name":"wp","href":"https:\/\/api.w.org\/{rel}","templated":true}]}}

Equipo de Educación Afectivo-Sexual

<p>[vc_row css_animation=»» row_type=»row» use_row_as_full_screen_section=»no» type=»grid» angled_section=»no» text_align=»left» background_image_as_pattern=»without_pattern» z_index=»»][vc_column][vc_empty_space height=»60&#8243;][vc_column_text]</p>
<h2><span style="color: #23406a;">Equipo de Educación Afectivo-Sexual</span></h2>
<p>[/vc_column_text][vc_empty_space][/vc_column][/vc_row][vc_row css_animation=»» row_type=»row» use_row_as_full_screen_section=»no» type=»grid» angled_section=»no» text_align=»left» background_image_as_pattern=»without_pattern» z_index=»»][vc_column]<div class="qode-simple-quote-holder ">
	<div class="qode-simple-quote-triangle-shadow">
		
	</div>
	<div class="qode-simple-quote-triangle" >
		
	</div>
	<div class="qode-simple-quote-holder-inner" >
		<div class="qode-simple-quote-icon-holder"  style="fill: #45ac34">
			<svg x="0px" y="0px" width="118px" height="97px" viewBox="0 0 118 97" enable-background="new 0 0 118 97" xml:space="preserve">
				<g>
					<path d="M31.1,73.998c5.688-7.111,8.535-14.316,8.535-21.617c0-3.09-0.371-5.751-1.113-7.978c-4.332,3.34-9.031,5.009-14.102,5.009
						c-6.929,0-12.71-2.194-17.349-6.586c-4.639-4.389-6.958-10.298-6.958-17.72c0-6.926,2.348-12.71,7.051-17.349
						c4.7-4.639,10.452-6.958,17.256-6.958c9.77,0,17.256,4.021,22.451,12.061c4.329,6.68,6.494,15.029,6.494,25.049
						c0,12.742-3.247,24.154-9.741,34.234C37.13,82.227,27.325,90.357,14.215,96.541l-3.525-6.865
						C18.604,86.336,25.409,81.113,31.1,73.998z M95.67,73.998c5.688-7.111,8.535-14.316,8.535-21.617c0-3.09-0.371-5.751-1.113-7.978
						c-4.206,3.34-8.906,5.009-14.102,5.009c-6.804,0-12.556-2.194-17.256-6.586c-4.702-4.389-7.051-10.298-7.051-17.72
						c0-4.575,1.113-8.721,3.34-12.432s5.195-6.616,8.906-8.721c3.711-2.102,7.729-3.154,12.061-3.154
						c9.771,0,17.256,4.021,22.451,12.061c4.329,6.68,6.494,15.029,6.494,25.049c0,12.742-3.247,24.154-9.741,34.234
						C101.7,82.227,91.896,90.357,78.785,96.541l-3.525-6.865C83.175,86.336,89.979,81.113,95.67,73.998z"/>
				</g>
			</svg>
		</div>
		<div class="qode-simple-quote-content-holder">
			<div class="qode-simple-quote-content-holder-inner">
				<div class="qode-simple-quote-text-holder" >
					<h5 class="qode-simple-quote-text-title"> “Deberíamos preguntarnos si nuestras instituciones educativas han asumido el desafío de la educación afectivo sexual. Es difícil pensar la educación sexual en una época en que la sexualidad tiende a banalizarse y a empobrecerse. Sólo podría entenderse en el marco de una educación para el amor, para la donación mutua. De esa manera, el lenguaje de la sexualidad no se ve tristemente empobrecido, sino iluminado”.  </h5>
				</div>
				<div class="qode-simple-quote-author-holder">
					<h6 class="qode-simple-quote-author-title"> (Amoris Laetitia n. 280)  </h6>
				</div>
			</div>
		</div>
	</div>
</div>[vc_empty_space][/vc_column][/vc_row][vc_row css_animation=»» row_type=»row» use_row_as_full_screen_section=»no» type=»grid» angled_section=»no» text_align=»left» background_image_as_pattern=»without_pattern» z_index=»» padding_bottom=»60&#8243;][vc_column][vc_empty_space][vc_column_text]En el curso 22-23 se creó el equipo encargado de diseñar un programa de educación afectivo-sexual para la Fundación, a partir de la formación recibida por Escuelas Católicas en colaboración con la UNINPSI (Universidad Pontificia de Comillas). Se trata del curso “Formadores en educación afectivo- sexual” en el que han participado algunos docentes de todos nuestros centros.</p>
<p>&nbsp;</p>
<p>Este equipo surge al escuchar las inquietudes de los colegios y querer dar respuesta a la necesidad de unificar institucionalmente criterios a la hora de diseñar o impartir a nuestro alumnado un programa de educación afectivo-sexual, en consonancia con nuestro proyecto educativo y el carácter propio.</p>
<p>&nbsp;</p>
<p>En los colegios de la Fundación Escuela Teresiana, ya llevamos tiempo integrando la educación afectivo-sexual a través del plan de acción tutorial que recoge, desde los inicios de la escolaridad, sesiones de tutorías específicas con el objeto de educar integralmente a nuestro alumnado desde nuestro carisma educativo teresiano.  La formación recibida nos ofreció un marco general desde donde situar este programa en nuestros centros, ofreciéndonos una mirada interdisciplinar que ha aportado fundamentos teológicos, pastorales, morales, legales y pedagógicos, así como herramientas y propuestas didácticas.</p>
<p>&nbsp;</p>
<p>El equipo encargado de diseñar este programa está integrado por algunos docentes de nuestros centros con diferentes perfiles y que han recibido esta formación: María Asensio (orientadora del colegio de Oviedo), Koldo Aramburu (profesor de Secundaria en el colegio de San Sebastián), Susana Capelo (orientadora del colegio de Ganduxer), Berta Morera (profesora de Secundaria del colegio de San Juan de Aznalfarache), Cristina Oiz (directora general del colegio de Pamplona y anterior orientadora) y Esther Medina García (directora general del colegio de Valladolid), que asume la  coordinación de este equipo.</p>
<p>&nbsp;</p>
<p>A lo largo del curso 22-23 se han mantenido dos encuentros presenciales donde se ha iniciado el trabajo abordando el objetivo propuesto de elaborar un programa de educación afectivo-sexual para la Fundación, integrando la propuesta recibida con nuestro plan de acción tutorial para garantizar una cierta unidad en este proceso de acompañamiento al alumnado.</p>
<p>&nbsp;</p>
<p>Está previsto que el equipo continúe con el trabajo durante el próximo curso de cara a finalizar el diseño del programa, preparar la presentación a los centros, y promover la reflexión para que como educadores teresianos podamos ofrecer a nuestro alumnado un desarrollo armónico de la afectividad/sexualidad y acompañar en la elaboración de un sistema de valores y creencias, así como de un modelo amoroso sano.[/vc_column_text][vc_empty_space][/vc_column][/vc_row][vc_row css_animation=»» row_type=»row» use_row_as_full_screen_section=»no» type=»full_width» angled_section=»no» text_align=»left» background_image_as_pattern=»without_pattern»][vc_column][vc_gallery type=»image_grid» images=»1720,1721,1722&#8243; img_size=»full» column_number=»3&#8243; grayscale=»no» images_space=»gallery_without_space»][/vc_column][/vc_row][vc_row css_animation=»» row_type=»row» use_row_as_full_screen_section=»no» type=»full_width» angled_section=»no» text_align=»left» background_image_as_pattern=»without_pattern»][vc_column][vc_gallery type=»image_grid» images=»1723,1735,1809&#8243; img_size=»full» column_number=»3&#8243; grayscale=»no» images_space=»gallery_without_space»][/vc_column][/vc_row]</p>

<p>[vc_row css_animation=»» row_type=»row» use_row_as_full_screen_section=»no» type=»grid» angled_section=»no» text_align=»left» background_image_as_pattern=»without_pattern» z_index=»»][vc_column][vc_empty_space height=»60&#8243;][vc_column_text] Equipo de Educación Afectivo-Sexual [/vc_column_text][vc_empty_space][/vc_column][/vc_row][vc_row css_animation=»» row_type=»row» use_row_as_full_screen_section=»no» type=»grid» angled_section=»no» text_align=»left» background_image_as_pattern=»without_pattern» z_index=»»][vc_column][vc_empty_space][/vc_column][/vc_row][vc_row css_animation=»» row_type=»row» use_row_as_full_screen_section=»no» type=»grid» angled_section=»no» text_align=»left» background_image_as_pattern=»without_pattern» z_index=»» padding_bottom=»60&#8243;][vc_column][vc_empty_space][vc_column_text]En el curso 22-23 se creó el equipo encargado de diseñar un programa de&#8230;</p>
